e prime factors of f(57).
5, 13
Let c be (20/8 + -3)*-74. Let a = -28 + c. Suppose -4*x + 56 = 4*s, s - a = -4*x + 14. List the prime factors of s.
11
Let d = 32335 + -21148. What are the prime factors of d?
3, 11, 113
Let l(o) = -40*o - 568. Let q be l(-12). Suppose 0*x - 5*x - 705 = 0. Let g = q - x. What are the prime factors of g?
53
Let a = -2586 - -8355. What are the prime factors of a?
3, 641
Suppose -4*u + 18*x - 9*x = -40215, u = -5*x + 10090. What are the prime factors of u?
3, 5, 11, 61
Let o be (4 - -2) + (-8)/2. Suppose -4*l = o*v + 3*v + 458, -3*l = 2*v + 186. List the prime factors of (v/40)/(2/(-16)).
2, 3
Let q(z) = 714*z**2 - 206*z - 178. List the prime factors of q(-8).
2, 3, 7, 1123
Suppose -124*i = -924729 - 142539. List the prime factors of i.
3, 19, 151
Suppose -2*t + 2303 = 5*t. Suppose 3*o - 1193 = 2*a, o - a - 68 - t = 0. What are the prime factors of o?
3, 7, 19
Suppose 2*t + 13*c - 15*c = 11554, -5*c - 11545 = -2*t. Suppose -1397*z + t = -1393*z. List the prime factors of z.
5, 17
Suppose -2*m + 34 = 2*u, -5*m - 10 - 13 = -4*u. Suppose 1274 = 2*g + u*g. What are the prime factors of g?
7, 13
What are the prime factors of -9 - -16 - (11*-4195 - 1)?
46153
Let x = -141 + 150. What are the prime factors of (471/x)/(5/15)?
157
Let u = 56 - 49. Suppose y = -16*y + u*y. Suppose j = -5*k + 109, -j - 2*k + 6*k + 145 = y. List the prime factors of j.
3, 43
Let j be (-1 + 419/2)*(-24)/(-36). Let s = -134 + j. Suppose 0 = 3*h + s*b + 108 - 897, 4*b - 1302 = -5*h. What are the prime factors of h?
2, 3, 43
Suppose 160*y - 163*y = 2*x - 4348, 0 = -4*x + y + 8654. What are the prime factors of x?
5, 433
Let t(l) = -912*l**3 - 7*l**2 - 4*l - 9. List the prime factors of t(-2).
13, 43
Let o be ((-10 - 8/(-4)) + -2)*35. What are the prime factors of o*(-1 - (-4)/(16/2))?
5, 7
Suppose 0 = 54*l - 38*l + 288. What are the prime factors of l/(5/225*-3)?
2, 3, 5
Suppose -717*t - 522716 = -734*t. List the prime factors of t.
2, 7687
Let i(g) = 145*g + 688. What are the prime factors of i(29)?
3, 7, 233
Let t(b) = -b. Let u(z) = -3*z - 5. Let d(j) = -4*t(j) + u(j). Let l be d(5). Suppose -5*n + 4*i + 235 = -i, l = i + 4. List the prime factors of n.
43
Let p = 165187 + -94222. What are the prime factors of p?
3, 5, 19, 83
Suppose 1740*f - 155506 = 1727*f. What are the prime factors of f?
2, 5981
List the prime factors of 238/17*(10 + 16).
2, 7, 13
Let g(k) = -1195*k + 26. List the prime factors of g(-6).
2, 7, 257
Let s(y) = -2071*y - 350. What are the prime factors of s(-2)?
2, 3, 79
Suppose 25 = 6*w - 17. Let z(u) = u + 103. What are the prime factors of z(w)?
2, 5, 11
Suppose p = 4*p - p. Suppose -400 = -p*j - 2*j. Suppose -9*i + 4*i = -j. List the prime factors of i.
2, 5
Let l = 46 + -44. Suppose -892 = -2*r - l*r. List the prime factors of r.
223
Let s(z) = -17*z - 19. Let h be (18 - 16/(-4))*-1. Let r be (h/(-3))/(26/(-39)). List the prime factors of s(r).
2, 3, 7
Suppose 13 = -3*i - 5. Let y(v) = -8*v**2 - 2 - 2*v + 5*v + 9*v**2. List the prime factors of y(i).
2
Let x = -90969 - -154997. What are the prime factors of x?
2, 16007
Suppose 3*h - 7*h - 10*h = -13874. List the prime factors of h.
991
Suppose 0 = -2*c + 4*m + 72040, 78136 = -5*c - 4*m + 258180. What are the prime factors of c?
2, 3, 3001
Let l be 5/1 + 5 + (-27 - 2). Let p = l - -518. List the prime factors of p.
499
List the prime factors of ((-12)/18 - (-46)/6) + 9834.
13, 757
Suppose 138 = 13*t - 5738. What are the prime factors of t?
2, 113
Let g = 360 - 358. Suppose 0 = -y - g, -4*o + 1813 - 703 = -y. List the prime factors of o.
277
Let a(o) = 6*o**3 - 51*o**2 + 80*o + 106. What are the prime factors of a(21)?
71, 491
Let b = 445 - 967. Let q = 656 + b. What are the prime factors of q?
2, 67
Let w = 10 + -10. Let u be 64/(-8)*-1 - (1 + 2). Suppose w = -u*j + 15, n + j = -j + 62. List the prime factors of n.
2, 7
Let z = -77 + 79. Let b be (-29)/(-9) - (40/18 - z). Suppose 76 = a - 4*i + i, -b*i - 246 = -3*a. List the prime factors of a.
5, 17
Suppose -21*p + 228441 + 321687 = 87708. What are the prime factors of p?
2, 3, 5, 367
Let n(h) = 408*h**2 + 88*h + 29. List the prime factors of n(-7).
5, 3881
Let n(t) be the first derivative of -t**3/3 - 3*t**2 + 11*t + 39. Let v be n(-7). Suppose v*h + 5*l - 404 = 0, 0*l + 20 = 5*l. What are the prime factors of h?
2, 3
Let j(n) = 10123*n**2 + 3*n - 7. What are the prime factors of j(-1)?
3, 3371
Suppose -6*f - 5 = -11. Let v be -105 + -19 - 3/f. Let s = -13 - v. List the prime factors of s.
2, 3, 19
Let v = 6610 - 436. List the prime factors of v.
2, 3, 7
Let d(p) = -p**3 + 9*p**2 + 4*p. Let i be d(9). Let g = 39 - i. Suppose -60 = -2*m + w + 109, -4*w = g*m - 226. What are the prime factors of m?
2, 41
Let z be -1 + 8/2 + -56. Let x = z - -93. Let p = 122 - x. List the prime factors of p.
2, 41
Let x(b) = -65845*b**3 - 8*b**2 - b + 5. List the prime factors of x(-1).
65843
Let c(g) = -g**2 - 3*g - 5. Let n be c(-2). List the prime factors of (n - 1)*(-1029)/28.
3, 7
Let k = -429 - -287. Let q = k - -1. Let b = q + 248. What are the prime factors of b?
107
Let k(x) be the first derivative of 20*x - 3 + 17*x**2 - 3 - 11*x**2 - 3. List the prime factors of k(4).
2, 17
Let h(q) be the first derivative of 4*q**3/3 + 11*q**2/2 - 6*q - 52. List the prime factors of h(5).
149
Let z(b) = -7*b + 142. Let i be z(20). Suppose n = 4*x - 5156, -i*x = 2*x - 2*n - 5152. What are the prime factors of x?
2, 3, 5, 43
Suppose 0 = -5*o + 529 + 791. Suppose l + o = 7*l. Suppose 2*m - l = -4*b, 69 + 12 = 3*m + b. What are the prime factors of m?
2, 7
Let a(b) be the first derivative of 17/3*b**3 + 4 + 34*b + 1/4*b**4 - 3*b**2. What are the prime factors of a(-17)?
2, 17
Let g(k) = -8*k**3 - 16*k**2 - 9*k - 235. What are the prime factors of g(-10)?
3, 5, 139
Suppose 0 = 6*c - 2*c - 12. Suppose -2*h = -c - 7. Suppose h*u - 392 + 157 = 0. What are the prime factors of u?
47
Let x(l) = 359*l**2 + 121*l + 632. List the prime factors of x(-5).
2, 7, 643
Suppose 0*q = 2*q - 348. Suppose 5*z = q + 421. What are the prime factors of z?
7, 17
Let j(d) = -6*d**3 - 32. Let o be j(-6). Let a = o - 815. What are the prime factors of a?
449
Let u(q) = -118*q + 66. Let h be u(4). Let i = h - -1017. What are the prime factors of i?
13, 47
Let g = -6971 + 15191. List the prime factors of g.
2, 3, 5, 137
What are the prime factors of 25628 + -1 + 14*(-66)/154 + -6?
5, 47, 109
Suppose 737 = -4*h - 8*m + 3*m, 365 = -2*h + m. What are the prime factors of h/244 + 2926/8?
5, 73
Let o be ((-96)/15)/8*(-5)/2. List the prime factors of o/(-5) - 2/((-20)/3954).
5, 79
Suppose -13*m + 12*m - 2*l + 75020 = 0, 12 = 2*l. What are the prime factors of m?
2, 293
Suppose 58*y = 57*y + 7. Suppose -v + 2 = -y. What are the prime factors of 2*v*(-8)/(-3)?
2, 3
Suppose -2*n = -3 + 165. What are the prime factors of (-28332)/n - (0 + 2/(-9))?
2, 5, 7
Suppose 4*n - 24 = 0, 19*n - 23*n + 23024 = 4*z. List the prime factors of z.
2, 5, 23
Let k be (162/135)/(1/10*-3). What are the prime factors of ((-112772)/14)/(-11) - k/(-14)?
2, 3, 61
Let a be -1 + -2 + (-4)/8*-32. Let y = 24 - 21. Suppose -4*f = -y*u + 652, -4*f + 929 - a = 4*u. List the prime factors of u.
2, 7
Let u(r) = -15*r - 256. Let l(y) = 1. Let d(h) = -3*l(h) + u(h). What are the prime factors of d(-45)?
2, 13
Let k = -27 + 68. Let o = 44 - k. Suppose -y + 2*y + v = 97, 0 = 3*y - o*v - 315. What are the prime factors of y?
101
Let r(v) = 16*v**3 - 2*v**2 - 7*v - 3. Let q be r(-5). Let n = 3514 + q. What are the prime factors of n?
2, 11, 17
Let x(q) = q**3 + 6*q**2 - 7*q + 139. What are the prime factors of x(19)?
11, 821
Let f be (12*13)/3 - -2. Let h = f - 48. Suppose h = -4*s - 4*o + 2, -26 = -4*s + 2*o. What are the prime factors of s?
2
Suppose 15*r - 13*r - 6*r = -92052. List the prime factors of r.
3, 2557
Let m(v) = -9345*v + 954. What are the prime factors of m(-3)?
3, 3221
Let v(n) be the third derivative of 1/60*n**5 - 6*n**3 - 7*n**2 - 3/8*n**4 + 0 + 0*n. List the prime factors of v(20).
2, 23
Let d = -21620 + 32148. List the prime factors of d.
2, 7, 47
Let l = -52 - -54. Suppose -13 + 1 = l*i. What are the prime factors of (11 - i)*(-1 + 8)?
7, 17
Let f(m) = 6*m**2 + 23*m - 1. Let q be f(-4). Suppose k -